{"id":632,"date":"2020-05-12T16:22:08","date_gmt":"2020-05-12T15:22:08","guid":{"rendered":"https:\/\/www.translanekin.eu\/poctefa\/"},"modified":"2020-05-12T17:00:33","modified_gmt":"2020-05-12T16:00:33","slug":"poctefa","status":"publish","type":"page","link":"https:\/\/www.translanekin.eu\/fr\/poctefa\/","title":{"rendered":"POCTEFA"},"content":{"rendered":"<p>[et_pb_section fb_built=\u00a0\u00bb1&Prime; fullwidth=\u00a0\u00bbon\u00a0\u00bb _builder_version=\u00a0\u00bb4.4.3&Prime; locked=\u00a0\u00bboff\u00a0\u00bb][et_pb_fullwidth_slider _builder_version=\u00a0\u00bb4.4.4&Prime; background_enable_image=\u00a0\u00bboff\u00a0\u00bb custom_padding=\u00a0\u00bb200px||200px|||\u00a0\u00bb auto=\u00a0\u00bbon\u00a0\u00bb][et_pb_slide heading=\u00a0\u00bbPOCTEFA\u00a0\u00bb button_link=\u00a0\u00bb@ET-DC@eyJkeW5hbWljIjp0cnVlLCJjb250ZW50IjoicG9zdF9saW5rX3VybF9wYWdlIiwic2V0dGluZ3MiOnsicG9zdF9pZCI6IjEyIn19@\u00a0\u00bb use_bg_overlay=\u00a0\u00bboff\u00a0\u00bb use_text_overlay=\u00a0\u00bboff\u00a0\u00bb _builder_version=\u00a0\u00bb4.4.4&Prime; _dynamic_attributes=\u00a0\u00bbbutton_link\u00a0\u00bb header_font=\u00a0\u00bb|600||on|||||\u00a0\u00bb header_text_color=\u00a0\u00bb#226acf\u00a0\u00bb header_font_size=\u00a0\u00bb61px\u00a0\u00bb header_letter_spacing=\u00a0\u00bb1px\u00a0\u00bb body_font_size=\u00a0\u00bb19px\u00a0\u00bb background_image=\u00a0\u00bbhttps:\/\/www.translanekin.eu\/wp-content\/uploads\/2020\/04\/Poctefa-chica-translanekin.jpg\u00a0\u00bb background_enable_image=\u00a0\u00bbon\u00a0\u00bb background_position=\u00a0\u00bbtop_center\u00a0\u00bb header_text_shadow_style=\u00a0\u00bbpreset2&Prime;][\/et_pb_slide][\/et_pb_fullwidth_slider][\/et_pb_section][et_pb_section fb_built=\u00a0\u00bb1&Prime; _builder_version=\u00a0\u00bb4.4.1&Prime;][et_pb_row _builder_version=\u00a0\u00bb4.4.1&Prime;][et_pb_column type=\u00a0\u00bb4_4&Prime; _builder_version=\u00a0\u00bb4.4.1&Prime;][et_pb_text _builder_version=\u00a0\u00bb4.4.5&Prime; hover_enabled=\u00a0\u00bb0&Prime;]<\/p>\n<p>Ce projet a \u00e9t\u00e9 s\u00e9lectionn\u00e9 dans le cadre du <span>3\u00aa<\/span><sup>\u00a0<\/sup>appel <a href=\"https:\/\/www.poctefa.eu\/\" target=\"_blank\" rel=\"noopener noreferrer\">POCTEFA 2014-2020<\/a> r\u00e9solu en 2019, plus pr\u00e9cis\u00e9ment dans l\u2019Axe 5 intitul\u00e9s \u00ab\u00a0Renforcer les comp\u00e9tences et l\u2019inclusion dans les territoires\u00a0\u00bb Il porte le code EFA 355\/19.<\/p>\n<p>Le projet est cofinanc\u00e9 \u00e0 65 % par le Fonds Europ\u00e9en de D\u00e9veloppement R\u00e9gional (FEDER) dans le cadre du Programme Interreg V-A Espagne-France-Andorre (POCTEFA 2014-2020).<\/p>\n<p>L\u2019objectif du POCTEFA est de renforcer l\u2019int\u00e9gration \u00e9conomique et sociale de la zone frontali\u00e8re Espagnole-Franco-Andorre. Son aide se concentre sur le d\u00e9veloppement d\u2019activit\u00e9s \u00e9conomiques, sociales et environnementales transfrontali\u00e8res par le biais de strat\u00e9gies communes en faveur d\u2019un d\u00e9veloppement territorial durable.<\/p>\n<p>[\/et_pb_text][\/et_pb_column][\/et_pb_row][et_pb_row column_structure=\u00a0\u00bb3_5,2_5&Prime; _builder_version=\u00a0\u00bb4.4.1&Prime;][et_pb_column type=\u00a0\u00bb3_5&Prime; _builder_version=\u00a0\u00bb4.4.1&Prime;][et_pb_image src=\u00a0\u00bbhttps:\/\/www.translanekin.eu\/wp-content\/uploads\/2020\/03\/logo-interreg.png\u00a0\u00bb url=\u00a0\u00bbhttps:\/\/www.poctefa.eu\/\u00a0\u00bb url_new_window=\u00a0\u00bbon\u00a0\u00bb align=\u00a0\u00bbcenter\u00a0\u00bb _builder_version=\u00a0\u00bb4.4.4&Prime; animation_style=\u00a0\u00bbslide\u00a0\u00bb box_shadow_style=\u00a0\u00bbpreset2&Prime; box_shadow_blur_last_edited=\u00a0\u00bboff|desktop\u00a0\u00bb box_shadow_blur__hover_enabled=\u00a0\u00bbon|hover\u00a0\u00bb box_shadow_blur__hover=\u00a0\u00bb48px\u00a0\u00bb box_shadow_spread__hover_enabled=\u00a0\u00bbon|hover\u00a0\u00bb box_shadow_spread__hover=\u00a0\u00bb16px\u00a0\u00bb][\/et_pb_image][\/et_pb_column][et_pb_column type=\u00a0\u00bb2_5&Prime; _builder_version=\u00a0\u00bb4.4.1&Prime;][et_pb_image src=\u00a0\u00bbhttps:\/\/www.translanekin.eu\/wp-content\/uploads\/2020\/03\/logo-eu.png\u00a0\u00bb url=\u00a0\u00bbhttps:\/\/ec.europa.eu\/regional_policy\/es\/\u00a0\u00bb url_new_window=\u00a0\u00bbon\u00a0\u00bb align=\u00a0\u00bbcenter\u00a0\u00bb _builder_version=\u00a0\u00bb4.4.4&Prime; width=\u00a0\u00bb100%\u00a0\u00bb max_width=\u00a0\u00bb100%\u00a0\u00bb max_height=\u00a0\u00bb218px\u00a0\u00bb animation_style=\u00a0\u00bbslide\u00a0\u00bb box_shadow_style=\u00a0\u00bbpreset2&Prime; box_shadow_blur__hover_enabled=\u00a0\u00bbon|hover\u00a0\u00bb box_shadow_blur__hover=\u00a0\u00bb56px\u00a0\u00bb box_shadow_spread__hover_enabled=\u00a0\u00bbon|hover\u00a0\u00bb box_shadow_spread__hover=\u00a0\u00bb24px\u00a0\u00bb][\/et_pb_image][\/et_pb_column][\/et_pb_row][\/et_pb_section]<\/p>\n","protected":false},"excerpt":{"rendered":"<p>Ce projet a \u00e9t\u00e9 s\u00e9lectionn\u00e9 dans le cadre du 3\u00aa\u00a0appel POCTEFA 2014-2020 r\u00e9solu en 2019, plus pr\u00e9cis\u00e9ment dans l\u2019Axe 5 intitul\u00e9s \u00ab\u00a0Renforcer les comp\u00e9tences et l\u2019inclusion dans les territoires\u00a0\u00bb Il porte le code EFA 355\/19. Le projet est cofinanc\u00e9 \u00e0 65 % par le Fonds Europ\u00e9en de D\u00e9veloppement R\u00e9gional (FEDER) dans le cadre du Programme [&hellip;]<\/p>\n","protected":false},"author":1,"featured_media":0,"parent":0,"menu_order":0,"comment_status":"closed","ping_status":"closed","template":"","meta":{"_et_pb_use_builder":"on","_et_pb_old_content":"","_et_gb_content_width":"","footnotes":""},"class_list":["post-632","page","type-page","status-publish","hentry"],"yoast_head":"<!-- This site is optimized with the Yoast SEO plugin v27.5 - https:\/\/yoast.com\/product\/yoast-seo-wordpress\/ -->\n<title>POCTEFA - Translanekin<\/title>\n<meta name=\"robots\" content=\"index, follow, max-snippet:-1, max-image-preview:large, max-video-preview:-1\" \/>\n<link rel=\"canonical\" href=\"https:\/\/www.translanekin.eu\/fr\/poctefa\/\" \/>\n<meta property=\"og:locale\" content=\"fr_FR\" \/>\n<meta property=\"og:type\" content=\"article\" \/>\n<meta property=\"og:title\" content=\"POCTEFA - Translanekin\" \/>\n<meta property=\"og:description\" content=\"Ce projet a \u00e9t\u00e9 s\u00e9lectionn\u00e9 dans le cadre du 3\u00aa\u00a0appel POCTEFA 2014-2020 r\u00e9solu en 2019, plus pr\u00e9cis\u00e9ment dans l\u2019Axe 5 intitul\u00e9s \u00ab\u00a0Renforcer les comp\u00e9tences et l\u2019inclusion dans les territoires\u00a0\u00bb Il porte le code EFA 355\/19. Le projet est cofinanc\u00e9 \u00e0 65 % par le Fonds Europ\u00e9en de D\u00e9veloppement R\u00e9gional (FEDER) dans le cadre du Programme [&hellip;]\" \/>\n<meta property=\"og:url\" content=\"https:\/\/www.translanekin.eu\/fr\/poctefa\/\" \/>\n<meta property=\"og:site_name\" content=\"Translanekin\" \/>\n<meta property=\"article:modified_time\" content=\"2020-05-12T16:00:33+00:00\" \/>\n<meta name=\"twitter:card\" content=\"summary_large_image\" \/>\n<meta name=\"twitter:label1\" content=\"Dur\u00e9e de lecture estim\u00e9e\" \/>\n\t<meta name=\"twitter:data1\" content=\"2 minutes\" \/>\n<script type=\"application\/ld+json\" class=\"yoast-schema-graph\">{\"@context\":\"https:\\\/\\\/schema.org\",\"@graph\":[{\"@type\":\"WebPage\",\"@id\":\"https:\\\/\\\/www.translanekin.eu\\\/fr\\\/poctefa\\\/\",\"url\":\"https:\\\/\\\/www.translanekin.eu\\\/fr\\\/poctefa\\\/\",\"name\":\"POCTEFA - Translanekin\",\"isPartOf\":{\"@id\":\"https:\\\/\\\/www.translanekin.eu\\\/fr\\\/#website\"},\"datePublished\":\"2020-05-12T15:22:08+00:00\",\"dateModified\":\"2020-05-12T16:00:33+00:00\",\"breadcrumb\":{\"@id\":\"https:\\\/\\\/www.translanekin.eu\\\/fr\\\/poctefa\\\/#breadcrumb\"},\"inLanguage\":\"fr-FR\",\"potentialAction\":[{\"@type\":\"ReadAction\",\"target\":[\"https:\\\/\\\/www.translanekin.eu\\\/fr\\\/poctefa\\\/\"]}]},{\"@type\":\"BreadcrumbList\",\"@id\":\"https:\\\/\\\/www.translanekin.eu\\\/fr\\\/poctefa\\\/#breadcrumb\",\"itemListElement\":[{\"@type\":\"ListItem\",\"position\":1,\"name\":\"Portada\",\"item\":\"https:\\\/\\\/www.translanekin.eu\\\/fr\\\/\"},{\"@type\":\"ListItem\",\"position\":2,\"name\":\"POCTEFA\"}]},{\"@type\":\"WebSite\",\"@id\":\"https:\\\/\\\/www.translanekin.eu\\\/fr\\\/#website\",\"url\":\"https:\\\/\\\/www.translanekin.eu\\\/fr\\\/\",\"name\":\"Translanekin\",\"description\":\"Un proyecto para impulsar la movilidad laboral a ambos lados del Pirineo\",\"potentialAction\":[{\"@type\":\"SearchAction\",\"target\":{\"@type\":\"EntryPoint\",\"urlTemplate\":\"https:\\\/\\\/www.translanekin.eu\\\/fr\\\/?s={search_term_string}\"},\"query-input\":{\"@type\":\"PropertyValueSpecification\",\"valueRequired\":true,\"valueName\":\"search_term_string\"}}],\"inLanguage\":\"fr-FR\"}]}<\/script>\n<!-- \/ Yoast SEO plugin. -->","yoast_head_json":{"title":"POCTEFA - Translanekin","robots":{"index":"index","follow":"follow","max-snippet":"max-snippet:-1","max-image-preview":"max-image-preview:large","max-video-preview":"max-video-preview:-1"},"canonical":"https:\/\/www.translanekin.eu\/fr\/poctefa\/","og_locale":"fr_FR","og_type":"article","og_title":"POCTEFA - Translanekin","og_description":"Ce projet a \u00e9t\u00e9 s\u00e9lectionn\u00e9 dans le cadre du 3\u00aa\u00a0appel POCTEFA 2014-2020 r\u00e9solu en 2019, plus pr\u00e9cis\u00e9ment dans l\u2019Axe 5 intitul\u00e9s \u00ab\u00a0Renforcer les comp\u00e9tences et l\u2019inclusion dans les territoires\u00a0\u00bb Il porte le code EFA 355\/19. Le projet est cofinanc\u00e9 \u00e0 65 % par le Fonds Europ\u00e9en de D\u00e9veloppement R\u00e9gional (FEDER) dans le cadre du Programme [&hellip;]","og_url":"https:\/\/www.translanekin.eu\/fr\/poctefa\/","og_site_name":"Translanekin","article_modified_time":"2020-05-12T16:00:33+00:00","twitter_card":"summary_large_image","twitter_misc":{"Dur\u00e9e de lecture estim\u00e9e":"2 minutes"},"schema":{"@context":"https:\/\/schema.org","@graph":[{"@type":"WebPage","@id":"https:\/\/www.translanekin.eu\/fr\/poctefa\/","url":"https:\/\/www.translanekin.eu\/fr\/poctefa\/","name":"POCTEFA - Translanekin","isPartOf":{"@id":"https:\/\/www.translanekin.eu\/fr\/#website"},"datePublished":"2020-05-12T15:22:08+00:00","dateModified":"2020-05-12T16:00:33+00:00","breadcrumb":{"@id":"https:\/\/www.translanekin.eu\/fr\/poctefa\/#breadcrumb"},"inLanguage":"fr-FR","potentialAction":[{"@type":"ReadAction","target":["https:\/\/www.translanekin.eu\/fr\/poctefa\/"]}]},{"@type":"BreadcrumbList","@id":"https:\/\/www.translanekin.eu\/fr\/poctefa\/#breadcrumb","itemListElement":[{"@type":"ListItem","position":1,"name":"Portada","item":"https:\/\/www.translanekin.eu\/fr\/"},{"@type":"ListItem","position":2,"name":"POCTEFA"}]},{"@type":"WebSite","@id":"https:\/\/www.translanekin.eu\/fr\/#website","url":"https:\/\/www.translanekin.eu\/fr\/","name":"Translanekin","description":"Un proyecto para impulsar la movilidad laboral a ambos lados del Pirineo","potentialAction":[{"@type":"SearchAction","target":{"@type":"EntryPoint","urlTemplate":"https:\/\/www.translanekin.eu\/fr\/?s={search_term_string}"},"query-input":{"@type":"PropertyValueSpecification","valueRequired":true,"valueName":"search_term_string"}}],"inLanguage":"fr-FR"}]}},"_links":{"self":[{"href":"https:\/\/www.translanekin.eu\/fr\/wp-json\/wp\/v2\/pages\/632","targetHints":{"allow":["GET"]}}],"collection":[{"href":"https:\/\/www.translanekin.eu\/fr\/wp-json\/wp\/v2\/pages"}],"about":[{"href":"https:\/\/www.translanekin.eu\/fr\/wp-json\/wp\/v2\/types\/page"}],"author":[{"embeddable":true,"href":"https:\/\/www.translanekin.eu\/fr\/wp-json\/wp\/v2\/users\/1"}],"replies":[{"embeddable":true,"href":"https:\/\/www.translanekin.eu\/fr\/wp-json\/wp\/v2\/comments?post=632"}],"version-history":[{"count":2,"href":"https:\/\/www.translanekin.eu\/fr\/wp-json\/wp\/v2\/pages\/632\/revisions"}],"predecessor-version":[{"id":673,"href":"https:\/\/www.translanekin.eu\/fr\/wp-json\/wp\/v2\/pages\/632\/revisions\/673"}],"wp:attachment":[{"href":"https:\/\/www.translanekin.eu\/fr\/wp-json\/wp\/v2\/media?parent=632"}],"curies":[{"name":"wp","href":"https:\/\/api.w.org\/{rel}","templated":true}]}}

<p>[et_pb_section fb_built= »1&Prime; fullwidth= »on » _builder_version= »4.4.3&Prime; locked= »off »][et_pb_fullwidth_slider _builder_version= »4.4.4&Prime; background_enable_image= »off » custom_padding= »200px||200px||| » auto= »on »][et_pb_slide heading= »POCTEFA » button_link= »@ET-DC@eyJkeW5hbWljIjp0cnVlLCJjb250ZW50IjoicG9zdF9saW5rX3VybF9wYWdlIiwic2V0dGluZ3MiOnsicG9zdF9pZCI6IjEyIn19@ » use_bg_overlay= »off » use_text_overlay= »off » _builder_version= »4.4.4&Prime; _dynamic_attributes= »button_link » header_font= »|600||on||||| » header_text_color= »#226acf » header_font_size= »61px » header_letter_spacing= »1px » body_font_size= »19px » background_image= »https://www.translanekin.eu/wp-content/uploads/2020/04/Poctefa-chica-translanekin.jpg » background_enable_image= »on » background_position= »top_center » header_text_shadow_style= »preset2&Prime;][/et_pb_slide][/et_pb_fullwidth_slider][/et_pb_section][et_pb_section fb_built= »1&Prime; _builder_version= »4.4.1&Prime;][et_pb_row _builder_version= »4.4.1&Prime;][et_pb_column type= »4_4&Prime; _builder_version= »4.4.1&Prime;][et_pb_text _builder_version= »4.4.5&Prime; hover_enabled= »0&Prime;]</p>
<p>Ce projet a été sélectionné dans le cadre du <span>3ª</span><sup> </sup>appel <a href="https://www.poctefa.eu/" target="_blank" rel="noopener noreferrer">POCTEFA 2014-2020</a> résolu en 2019, plus précisément dans l’Axe 5 intitulés « Renforcer les compétences et l’inclusion dans les territoires » Il porte le code EFA 355/19.</p>
<p>Le projet est cofinancé à 65 % par le Fonds Européen de Développement Régional (FEDER) dans le cadre du Programme Interreg V-A Espagne-France-Andorre (POCTEFA 2014-2020).</p>
<p>L’objectif du POCTEFA est de renforcer l’intégration économique et sociale de la zone frontalière Espagnole-Franco-Andorre. Son aide se concentre sur le développement d’activités économiques, sociales et environnementales transfrontalières par le biais de stratégies communes en faveur d’un développement territorial durable.</p>
<p>[/et_pb_text][/et_pb_column][/et_pb_row][et_pb_row column_structure= »3_5,2_5&Prime; _builder_version= »4.4.1&Prime;][et_pb_column type= »3_5&Prime; _builder_version= »4.4.1&Prime;][et_pb_image src= »https://www.translanekin.eu/wp-content/uploads/2020/03/logo-interreg.png » url= »https://www.poctefa.eu/ » url_new_window= »on » align= »center » _builder_version= »4.4.4&Prime; animation_style= »slide » box_shadow_style= »preset2&Prime; box_shadow_blur_last_edited= »off|desktop » box_shadow_blur__hover_enabled= »on|hover » box_shadow_blur__hover= »48px » box_shadow_spread__hover_enabled= »on|hover » box_shadow_spread__hover= »16px »][/et_pb_image][/et_pb_column][et_pb_column type= »2_5&Prime; _builder_version= »4.4.1&Prime;][et_pb_image src= »https://www.translanekin.eu/wp-content/uploads/2020/03/logo-eu.png » url= »https://ec.europa.eu/regional_policy/es/ » url_new_window= »on » align= »center » _builder_version= »4.4.4&Prime; width= »100% » max_width= »100% » max_height= »218px » animation_style= »slide » box_shadow_style= »preset2&Prime; box_shadow_blur__hover_enabled= »on|hover » box_shadow_blur__hover= »56px » box_shadow_spread__hover_enabled= »on|hover » box_shadow_spread__hover= »24px »][/et_pb_image][/et_pb_column][/et_pb_row][/et_pb_section]</p>

<p>Ce projet a été sélectionné dans le cadre du 3ª appel POCTEFA 2014-2020 résolu en 2019, plus précisément dans l’Axe 5 intitulés « Renforcer les compétences et l’inclusion dans les territoires » Il porte le code EFA 355/19. Le projet est cofinancé à 65 % par le Fonds Européen de Développement Régional (FEDER) dans le cadre du Programme [&hellip;]</p>

<!-- This site is optimized with the Yoast SEO plugin v27.5 - https://yoast.com/product/yoast-seo-wordpress/ -->
<title>POCTEFA - Translanekin</title>
<meta name="robots" content="index, follow, max-snippet:-1, max-image-preview:large, max-video-preview:-1" />
<link rel="canonical" href="https://www.translanekin.eu/fr/poctefa/" />
<meta property="og:locale" content="fr_FR" />
<meta property="og:type" content="article" />
<meta property="og:title" content="POCTEFA - Translanekin" />
<meta property="og:description" content="Ce projet a été sélectionné dans le cadre du 3ª appel POCTEFA 2014-2020 résolu en 2019, plus précisément dans l’Axe 5 intitulés « Renforcer les compétences et l’inclusion dans les territoires » Il porte le code EFA 355/19. Le projet est cofinancé à 65 % par le Fonds Européen de Développement Régional (FEDER) dans le cadre du Programme [&hellip;]" />
<meta property="og:url" content="https://www.translanekin.eu/fr/poctefa/" />
<meta property="og:site_name" content="Translanekin" />
<meta property="article:modified_time" content="2020-05-12T16:00:33+00:00" />
<meta name="twitter:card" content="summary_large_image" />
<meta name="twitter:label1" content="Durée de lecture estimée" />
	<meta name="twitter:data1" content="2 minutes" />
<script type="application/ld+json" class="yoast-schema-graph">{"@context":"https:\/\/schema.org","@graph":[{"@type":"WebPage","@id":"https:\/\/www.translanekin.eu\/fr\/poctefa\/","url":"https:\/\/www.translanekin.eu\/fr\/poctefa\/","name":"POCTEFA - Translanekin","isPartOf":{"@id":"https:\/\/www.translanekin.eu\/fr\/#website"},"datePublished":"2020-05-12T15:22:08+00:00","dateModified":"2020-05-12T16:00:33+00:00","breadcrumb":{"@id":"https:\/\/www.translanekin.eu\/fr\/poctefa\/#breadcrumb"},"inLanguage":"fr-FR","potentialAction":[{"@type":"ReadAction","target":["https:\/\/www.translanekin.eu\/fr\/poctefa\/"]}]},{"@type":"BreadcrumbList","@id":"https:\/\/www.translanekin.eu\/fr\/poctefa\/#breadcrumb","itemListElement":[{"@type":"ListItem","position":1,"name":"Portada","item":"https:\/\/www.translanekin.eu\/fr\/"},{"@type":"ListItem","position":2,"name":"POCTEFA"}]},{"@type":"WebSite","@id":"https:\/\/www.translanekin.eu\/fr\/#website","url":"https:\/\/www.translanekin.eu\/fr\/","name":"Translanekin","description":"Un proyecto para impulsar la movilidad laboral a ambos lados del Pirineo","potentialAction":[{"@type":"SearchAction","target":{"@type":"EntryPoint","urlTemplate":"https:\/\/www.translanekin.eu\/fr\/?s={search_term_string}"},"query-input":{"@type":"PropertyValueSpecification","valueRequired":true,"valueName":"search_term_string"}}],"inLanguage":"fr-FR"}]}</script>
<!-- / Yoast SEO plugin. -->

Ce projet a été sélectionné dans le cadre du 3ª appel POCTEFA 2014-2020 résolu en 2019, plus précisément dans l’Axe 5 intitulés « Renforcer les compétences et l’inclusion dans les territoires » Il porte le code EFA 355/19. Le projet est cofinancé à 65 % par le Fonds Européen de Développement Régional (FEDER) dans le cadre du Programme [&hellip;]
